= 5*a - 26, -3*a + 12 = 2*u - i. Suppose 2*s = -0*s + 60. What is the highest common divisor of s and a?
6
Let s(u) = -8*u - 7*u - u**2 + 8 + 3*u. Suppose -184*t + 200*t = -192. Let z be s(t). What is the greatest common divisor of 24 and z?
8
Let y = 1692 - 1572. What is the greatest common divisor of y and 128?
8
Suppose -5*t - 4*h + 69 = 0, -4*h = 4*t - 7*h - 49. Suppose -t*u + 304 = -5*u. What is the greatest common divisor of 133 and u?
19
Let t = 882 + 998. What is the greatest common factor of 40 and t?
40
Let n = -11186 - -11205. What is the highest common factor of 11875 and n?
19
Let n = -49 + 67. Let p be n/(-42) + (-1636)/(-28). Suppose -d - 4*w + p = 0, 2*d = -2*d - w + 307. What is the greatest common divisor of d and 26?
26
Suppose -s + 8 = -u + 2*u, -s + 29 = 4*u. Let q = u + -3. Let p = q + 20. What is the highest common divisor of 36 and p?
12
Suppose -63*s - 2070 + 57510 = 0. Calculate the highest common factor of 165 and s.
55
Let i = 2868 + -2852. Calculate the greatest common divisor of 7 and i.
1
Let p(x) be the second derivative of x**3/6 + 16*x**2 - 132*x. Let j be p(-5). What is the highest common factor of 90 and j?
9
Suppose 12*a = 15*a + m - 18, -3*m = -3*a + 42. Calculate the greatest common factor of a and 1024.
8
Let s(w) = w - 8. Suppose -9*k = -2*k - 63. Suppose 2*u - 58 = -2*v, 63 = 2*v + 4*u + k. Let n be s(v). Calculate the highest common divisor of 207 and n.
23
Let f(r) = -43*r**2 - 4*r**2 + 78*r**2 - 2*r + 3. Let l be f(2). What is the highest common divisor of l and 82?
41
Suppose -3*j = -j - 14. Let y = j - 2. Suppose y*x = 20, 3*k - 5*x + 2*x = 222. Calculate the greatest common factor of 6 and k.
6
Let l(n) = -7*n**3 - 2*n**2 - 18*n + 236. Let m be l(0). What is the highest common factor of 26 and m?
2
Suppose m - 2568 = 5*s + 8848, 2*s - 11423 = -m. Calculate the highest common divisor of m and 47.
47
Let t be (82 - 2)*(-5 + 108/20). Suppose -506 = -t*v + 1126. Calculate the greatest common factor of 9 and v.
3
Let l be 2/18 - 623/(-63). Let k(n) = -5*n - 7*n**2 + 9 + 2*n**2 + n**3 + 0*n**2 + 2*n**2. Let g be k(4). Calculate the greatest common factor of l and g.
5
Let m = -196 + 262. Let l = m - 22. What is the highest common factor of l and 8?
4
Let o(c) = 3*c - 2*c - 7 - 3*c - 4*c + 144. Let f be o(16). What is the greatest common divisor of 287 and f?
41
Suppose 0 = 192*i - 8364 - 84. Suppose 4*f - 6*n + n + 50 = 0, -2*f + 4*n = 22. Let l = f - -48. Calculate the highest common divisor of l and i.
11
Let n = -15384 + 15464. Calculate the greatest common divisor of 48720 and n.
80
Let k be -4 - (1 - 5) - -43. Suppose 13*m - 22 - k = 0. What is the greatest common divisor of m and 115?
5
Suppose 5*r + 488 = -2*l + 3*l, -1447 = -3*l - 2*r. What is the highest common divisor of 21 and l?
21
Let m(z) = 9*z**2 + 66*z - 55. Let w be m(-21). What is the greatest common divisor of 158 and w?
158
Suppose 8*o - 20*o = -36. Let m be o/((-9)/2) - 41265/(-135). Calculate the greatest common factor of 5 and m.
5
Let o(y) = 2*y**2 + 21*y - 43. Let c be o(-19). Let z = 288 - c. What is the highest common divisor of z and 3?
1
Let m(p) = -3*p**2 + 5 - 3 + p - 15 + 4*p**2. Let z be m(-5). Let j be (4 + -11)*(5 + -6). What is the highest common divisor of z and j?
7
Let h(a) = 58*a - 1711. Let n be h(31). Calculate the highest common factor of n and 9831.
87
Suppose 549*r = 565*r - 32. Calculate the greatest common factor of 99 and r.
1
Let z = 22598 - 20747. Calculate the highest common divisor of 3 and z.
3
Let i be (-1032)/(-102) + -10 + (-12134)/(-34). Let r be (-2 - -6)/4 + 20. Calculate the greatest common factor of r and i.
21
Let a be -1*(5 + 1) - -134. Let x be 1*3 - (-13 - -12). Let c be x/(-10) - (-574)/35. What is the greatest common factor of c and a?
16
Let n be (284/(-18) + 16)/((-1)/(-126)). Let c = 3 - -5. Suppose 5*t = 3*t + c. Calculate the highest common divisor of t and n.
4
Let s be (-1)/(-1)*(-10)/(30/(-1209)). Let i(m) = 7*m**2 + 2*m - 1. Let v be i(2). What is the greatest common factor of v and s?
31
Suppose 2*l - l - i - 6 = 0, 0 = -l - 3*i + 26. Let q = 50 - 39. Suppose l*p + q = 12*p. What is the greatest common divisor of p and 11?
11
Suppose 0 = 3*j + 5*f + 641, -f = -0*j + j + 211. Let w = j + 213. What is the highest common factor of w and 39?
3
Suppose 0 = -5*c + 3*c + 1000. Let t = c - -88. Suppose 0 = 11*k - 4*k - t. What is the highest common divisor of k and 56?
28
Let b be 6 + 2 + (-5)/(-20)*-4. Calculate the greatest common divisor of 41 and b.
1
Suppose -2*k = z + 3, 3*z - 15*k = -20*k - 6. Let x(i) = 23*i**3 + 9*i**2 + 10. Let n be x(z). Calculate the highest common divisor of n and 8.
8
Let s = -2477 - -2757. What is the greatest common factor of s and 350?
70
Let q(s) = s**3 + 10*s**2 - 29*s - 52. Let x be q(-12). Suppose 1281 = 2*i + 5*w, -3*w = -7*i + x*i - 641. What is the highest common divisor of i and 58?
58
Let k(t) = 22*t - 20*t + 17*t**2 - 16 - 10 + 6 - t**3. Let p be k(17). Let f be 24/15*245/2. Calculate the highest common divisor of p and f.
14
Suppose -5*q = 3*r - 3, -5*q + q = 0. Suppose 16 = -20*o + 24*o. What is the highest common divisor of r and o?
1
Suppose -3*c - q + 6*q = -82, c - 30 = -q. Let o = c - -10. What is the highest common factor of o and 104?
13
Suppose -6971 = -10*y + 17449. Calculate the highest common divisor of 66 and y.
66
Let k = -15 + 39. Let v be (2805/12 - 2) + -3*(-3)/36. What is the highest common factor of k and v?
8
Let g be 8*14/(-56) - -5. What is the greatest common divisor of 59 and g?
1
Suppose 11*a - 17*a = -1020. Suppose 2347*b - 2352*b = -a. Let d be ((-102)/4)/((-6)/8). What is the highest common divisor of b and d?
34
Suppose -4*w + 76 = -4*v, -113*w - 3*v = -118*w + 97. What is the greatest common factor of w and 1115?
5
Let g(j) = j + 95. Let w(y) = -6*y - 666. Let k(h) = -36*g(h) - 5*w(h). Let b be k(-20). What is the highest common divisor of b and 20?
10
Suppose 0 = -l - 3*c + 14, l - 5*c + 5 = 11. Calculate the highest common divisor of l and 242.
11
Suppose -4*q + 11 = -6*q + 3*j, -2*j + 14 = -3*q. Let h be 42/9*(-6)/q. Let m = -44 + 107. What is the highest common factor of m and h?
7
Let s be -11*(-85)/187 - -4. What is the highest common factor of 101 and s?
1
Suppose 2*i + c - 1 = 0, 3*i + 0*c = -c + 1. Suppose -20*r + 25*r - 5 = i. Suppose -2 = -3*d + r. What is the greatest common factor of d and 5?
1
Let c = -10949 + 37391. Calculate the greatest common divisor of 13 and c.
13
Let v be (68 - 34) + (4 - 3*40/15). Suppose -3*o = -111 - 33. What is the greatest common divisor of o and v?
6
Let k(n) = n**2 - 85*n - 4020. Let s be k(119). What is the highest common factor of s and 17?
1
Suppose 0*r = 4*r - 4*f + 128, r = 2*f - 34. Let q = -128 - -67. Let p = r - q. Calculate the greatest common factor of 217 and p.
31
Let c(s) = s**3 - 27*s**2 - 214*s + 4. Let a be c(-6). Calculate the highest common factor of a and 1075.
25
Let q be -4*21*-5 - 0/(-248). Calculate the greatest common factor of q and 45.
15
Suppose 5*x - 725 = -5*n, -1175 = -136*x + 128*x - 5*n. Calculate the greatest common factor of x and 78.
6
Let v = 28 + -4. Suppose -22*d - 20 = -v*d. Let c = -85 - -155. What is the highest common factor of d and c?
10
Let z = 71 - 30. Suppose 4*y + 4*n - 34 + 10 = 0, -n + 3 = 0. Suppose 0 = 3*w - v - z, -20 = -y*w + w - 3*v. What is the highest common divisor of w and 104?
13
Let g = 247 - 456. Let d = g - -352. What is the highest common divisor of d and 44?
11
Suppose -5*b = -3*u - 754, 2*u - 361 - 251 = -4*b. What is the highest common divisor of 1121 and b?
19
Let g(c) = -6*c - 59. Suppose -4*d + j + 13 = 55, 0 = 2*d - j + 20. Let i be g(d). Calculate the highest common divisor of 203 and i.
7
Suppose -4*h = -10*h - v + 8187, -4*h = -4*v - 5444. What is the highest common divisor of 44 and h?
44
Let n(o) = -o**2 - 24*o - 54. Suppose -16*l - 4*l = 240. Let j be n(l). Calculate the highest common factor of 54 and j.
18
Let o(k) = -k + 108. Let d be o(0). Let p = 7060 - 7024. What is the greatest common divisor of p and d?
36
Let x be ((-10)/4 + 7)*20/9. Suppose 8*v - 65 = 5*v - 5*u, -57 = -3*v + 3*u. What is the greatest common factor of x and v?
10
Let u be 1/(20/65*(-8)/8)*-48. What is the highe